{"id":12413,"date":"2022-04-23T01:02:03","date_gmt":"2022-04-22T23:02:03","guid":{"rendered":"http:\/\/reggedeisovrani.com\/?page_id=12413"},"modified":"2022-09-11T17:39:52","modified_gmt":"2022-09-11T15:39:52","slug":"architettura-organica-biosimbiotica","status":"publish","type":"page","link":"https:\/\/reggedeisovrani.com\/index.php\/architettura-organica-biosimbiotica\/","title":{"rendered":"Architettura Organica BioSimbiotica"},"content":{"rendered":"<style type=\"text\/css\"> \n#cmsmasters_row_69d77490cd9fb4_46672379 .cmsmasters_row_outer_parent { \n\tpadding-top: 0px; \n} \n\n#cmsmasters_row_69d77490cd9fb4_46672379 .cmsmasters_row_outer_parent { \n\tpadding-bottom: 50px; \n} \n\n \n#cmsmasters_row_69d77490cdc0e5_75652098 .cmsmasters_row_outer_parent { \n\tpadding-top: 0px; \n} \n\n#cmsmasters_row_69d77490cdc0e5_75652098 .cmsmasters_row_outer_parent { \n\tpadding-bottom: 50px; \n} \n\n \n#cmsmasters_row_69d77490cf0505_93255930 .cmsmasters_row_outer_parent { \n\tpadding-top: 0px; \n} \n\n#cmsmasters_row_69d77490cf0505_93255930 .cmsmasters_row_outer_parent { \n\tpadding-bottom: 50px; \n} \n\n<\/style><div id=\"cmsmasters_row_69d77490cd9fb4_46672379\" class=\"cmsmasters_row cmsmasters_color_scheme_default cmsmasters_row_top_default cmsmasters_row_bot_default cmsmasters_row_boxed\">\n<div class=\"cmsmasters_row_outer_parent\">\n<div class=\"cmsmasters_row_outer\">\n<div class=\"cmsmasters_row_inner\">\n<div class=\"cmsmasters_row_margin\">\n<div class=\"cmsmasters_column one_first\">\n<div class=\"cmsmasters_text\">\n<h2>Architettura Organica BioSimbiotica<\/h2>\n<\/div>\n<\/div>\n<div class=\"cmsmasters_column one_first\">\n<\/div>\n<div class=\"cmsmasters_column one_first\">\n<\/div>\n<\/div>\n<\/div>\n<\/div>\n<\/div>\n<\/div>\n<div id=\"cmsmasters_row_69d77490cdc0e5_75652098\" class=\"cmsmasters_row cmsmasters_color_scheme_default cmsmasters_row_top_default cmsmasters_row_bot_default cmsmasters_row_boxed\">\n<div class=\"cmsmasters_row_outer_parent\">\n<div class=\"cmsmasters_row_outer\">\n<div class=\"cmsmasters_row_inner\">\n<div class=\"cmsmasters_row_margin\">\n<div class=\"cmsmasters_column one_first\">\n<p><script type=\"text\/javascript\">jQuery(document).ready(function () { jQuery(\"#cmsmasters_hover_slider_69d77490cde5a4_61244777\").cmsmastersHoverSlider( { sliderBlock : \"#cmsmasters_hover_slider_69d77490cde5a4_61244777\", sliderItems : \".cmsmasters_hover_slider_items\", thumbWidth : \"100\", thumbHeight : \"60\", activeSlide : 1, pauseTime : 5000, pauseOnHover : true } );} );<\/script><div id=\"cmsmasters_hover_slider_69d77490cde5a4_61244777\" class=\"cmsmasters_hover_slider\">\n<ul class=\"cmsmasters_hover_slider_items\">\n<li><figure class=\"cmsmasters_hover_slider_full_img\"><img loading=\"lazy\" decoding=\"async\" width=\"860\" height=\"516\" src=\"https:\/\/reggedeisovrani.com\/wp-content\/uploads\/2022\/04\/BioA7-860x516.jpg\" class=\"attachment-post-thumbnail size-post-thumbnail\" alt=\"\" \/><\/figure><\/li><li><figure class=\"cmsmasters_hover_slider_full_img\"><img loading=\"lazy\" decoding=\"async\" width=\"860\" height=\"516\" src=\"https:\/\/reggedeisovrani.com\/wp-content\/uploads\/2022\/04\/Cipressi-860x516.jpg\" class=\"attachment-post-thumbnail size-post-thumbnail\" alt=\"\" \/><\/figure><\/li><li><figure class=\"cmsmasters_hover_slider_full_img\"><img loading=\"lazy\" decoding=\"async\" width=\"860\" height=\"516\" src=\"https:\/\/reggedeisovrani.com\/wp-content\/uploads\/2015\/05\/Laghetto-860x516.jpg\" class=\"attachment-post-thumbnail size-post-thumbnail\" alt=\"\" \/><\/figure><\/li><li><figure class=\"cmsmasters_hover_slider_full_img\"><img loading=\"lazy\" decoding=\"async\" width=\"860\" height=\"516\" src=\"https:\/\/reggedeisovrani.com\/wp-content\/uploads\/2022\/04\/Ponte-860x516.jpg\" class=\"attachment-post-thumbnail size-post-thumbnail\" alt=\"\" \/><\/figure><\/li><li><figure class=\"cmsmasters_hover_slider_full_img\"><img loading=\"lazy\" decoding=\"async\" width=\"860\" height=\"516\" src=\"https:\/\/reggedeisovrani.com\/wp-content\/uploads\/2022\/04\/Terr-860x516.jpg\" class=\"attachment-post-thumbnail size-post-thumbnail\" alt=\"\" \/><\/figure><\/li><\/ul>\n<\/div>\n<\/div>\n<\/div>\n<\/div>\n<\/div>\n<\/div>\n<\/div>\n<div id=\"cmsmasters_row_69d77490cf0505_93255930\" class=\"cmsmasters_row cmsmasters_color_scheme_default cmsmasters_row_top_default cmsmasters_row_bot_default cmsmasters_row_boxed\">\n<div class=\"cmsmasters_row_outer_parent\">\n<div class=\"cmsmasters_row_outer\">\n<div class=\"cmsmasters_row_inner\">\n<div class=\"cmsmasters_row_margin\">\n<div class=\"cmsmasters_column one_first\">\n<div class=\"cmsmasters_text\">\n<p>&nbsp;<\/p>\n<p style=\"text-align: justify;\">Il connubio tra l\u2019artista poliedrica Dea e l\u2019ideatrice della Progettazione Aurea, Cinzia Valente, ha permesso un matrimonio mai provato prima: l\u2019unione tra la struttura dell\u2019Albero della Vita, esoterica forma archetipale, con la maglia Aurea, chiave biologica della bellezza funzionale della Natura. Ed \u00e8 stato subito Amore, passionale e spirituale, in grado di concepire e incarnare misteri armonici della vita.<\/p>\n<p style=\"text-align: justify;\">\u201c<em>Passiamo tutta la vita a cercare Casa, senza accorgerci che l\u2019abbiamo lasciata fuori dalla porta<\/em>\u201d [Cinzia Valente]<\/p>\n<h3 style=\"text-align: justify;\">L\u2019Albero della Vita e la Natura Maestra<\/h3>\n<p style=\"text-align: justify;\">La Reggia dei Sovrani \u00e8 interconnessa all\u2019ambiente in cui si sviluppa e a tutti i suoi abitanti; affonda le radici nella terra e allunga i suoi rami verso il cielo; ha la forma naturale di un sistema vivente con un corpo organico, un\u2019anima fluida, uno spirito aeriforme e un\u2019energia vitale. \u00c8 il luogo dove l\u2019essere umano pu\u00f2 tornare a vivere come un simbionte, in un meraviglioso paradiso che vibra in armonia coi suoi ospiti. Una forma estremamente vitale e dinamica, un insieme di funzioni in fermento. Proprio come un corpo \u00e8 connesso alle infinite variet\u00e0 di microorganismi che lo compongono e lo avvolgono, cos\u00ec la Reggia \u00e8 la manifestazione armonica di strutture in equilibrio simbiotico, con tutte le forme di vita che la circondano e la abitano.<\/p>\n<h3 style=\"text-align: justify;\">Materiali ed Energia<\/h3>\n<p style=\"text-align: justify;\">Privilegiamo i materiali che il luogo stesso offre, come il legno, la paglia, la terra, la pietra, l\u2019acqua. Questo ci permette di plasmare la materia, dandogli altra forma e funzione, garantendone continuit\u00e0 e compatibilit\u00e0 con tutto ci\u00f2 che \u00e8 autoctono; cos\u00ec da non interrompere il fluire dell\u2019energia vitale del luogo che ci ospita. Il profondo rispetto per gli elementi naturali e la conoscenza acquisita dall\u2019osservazione del loro potere ci spinge a considerarli nostri principali alleati: la Reggia dei Sovrani sar\u00e0 una perpetua fonte di energia rinnovabile.<\/p>\n<\/div>\n<\/div>\n<\/div>\n<\/div>\n<\/div>\n<\/div>\n<\/div>\n\n","protected":false},"excerpt":{"rendered":"","protected":false},"author":1,"featured_media":12440,"parent":0,"menu_order":0,"comment_status":"closed","ping_status":"closed","template":"","meta":{"footnotes":""},"class_list":["post-12413","page","type-page","status-publish","has-post-thumbnail","hentry"],"yoast_head":"<!-- This site is optimized with the Yoast SEO plugin v19.3 - https:\/\/yoast.com\/wordpress\/plugins\/seo\/ -->\n<title>Architettura Organica BioSimbiotica - Regge dei Sovrani<\/title>\n<meta name=\"description\" content=\"Architettura Organica BioSimbiotica\" \/>\n<meta name=\"robots\" content=\"index, follow, max-snippet:-1, max-image-preview:large, max-video-preview:-1\" \/>\n<link rel=\"canonical\" href=\"https:\/\/reggedeisovrani.com\/index.php\/architettura-organica-biosimbiotica\/\" \/>\n<meta property=\"og:locale\" content=\"it_IT\" \/>\n<meta property=\"og:type\" content=\"article\" \/>\n<meta property=\"og:title\" content=\"Architettura Organica BioSimbiotica - Regge dei Sovrani\" \/>\n<meta property=\"og:description\" content=\"Architettura Organica BioSimbiotica\" \/>\n<meta property=\"og:url\" content=\"https:\/\/reggedeisovrani.com\/index.php\/architettura-organica-biosimbiotica\/\" \/>\n<meta property=\"og:site_name\" content=\"Regge dei Sovrani\" \/>\n<meta property=\"article:modified_time\" content=\"2022-09-11T15:39:52+00:00\" \/>\n<meta property=\"og:image\" content=\"https:\/\/reggedeisovrani.com\/wp-content\/uploads\/2022\/04\/BioA7-scaled.jpg\" \/>\n\t<meta property=\"og:image:width\" content=\"2560\" \/>\n\t<meta property=\"og:image:height\" content=\"1011\" \/>\n\t<meta property=\"og:image:type\" content=\"image\/jpeg\" \/>\n<meta name=\"twitter:card\" content=\"summary_large_image\" \/>\n<meta name=\"twitter:label1\" content=\"Tempo di lettura stimato\" \/>\n\t<meta name=\"twitter:data1\" content=\"2 minuti\" \/>\n<script type=\"application\/ld+json\" class=\"yoast-schema-graph\">{\"@context\":\"https:\/\/schema.org\",\"@graph\":[{\"@type\":\"WebSite\",\"@id\":\"https:\/\/reggedeisovrani.com\/#website\",\"url\":\"https:\/\/reggedeisovrani.com\/\",\"name\":\"Regge dei Sovrani\",\"description\":\"Verso il Nuovo Paradigma\",\"potentialAction\":[{\"@type\":\"SearchAction\",\"target\":{\"@type\":\"EntryPoint\",\"urlTemplate\":\"https:\/\/reggedeisovrani.com\/?s={search_term_string}\"},\"query-input\":\"required name=search_term_string\"}],\"inLanguage\":\"it-IT\"},{\"@type\":\"ImageObject\",\"inLanguage\":\"it-IT\",\"@id\":\"https:\/\/reggedeisovrani.com\/index.php\/architettura-organica-biosimbiotica\/#primaryimage\",\"url\":\"https:\/\/reggedeisovrani.com\/wp-content\/uploads\/2022\/04\/BioA7-scaled.jpg\",\"contentUrl\":\"https:\/\/reggedeisovrani.com\/wp-content\/uploads\/2022\/04\/BioA7-scaled.jpg\",\"width\":2560,\"height\":1011},{\"@type\":\"WebPage\",\"@id\":\"https:\/\/reggedeisovrani.com\/index.php\/architettura-organica-biosimbiotica\/\",\"url\":\"https:\/\/reggedeisovrani.com\/index.php\/architettura-organica-biosimbiotica\/\",\"name\":\"Architettura Organica BioSimbiotica - Regge dei Sovrani\",\"isPartOf\":{\"@id\":\"https:\/\/reggedeisovrani.com\/#website\"},\"primaryImageOfPage\":{\"@id\":\"https:\/\/reggedeisovrani.com\/index.php\/architettura-organica-biosimbiotica\/#primaryimage\"},\"datePublished\":\"2022-04-22T23:02:03+00:00\",\"dateModified\":\"2022-09-11T15:39:52+00:00\",\"description\":\"Architettura Organica BioSimbiotica\",\"breadcrumb\":{\"@id\":\"https:\/\/reggedeisovrani.com\/index.php\/architettura-organica-biosimbiotica\/#breadcrumb\"},\"inLanguage\":\"it-IT\",\"potentialAction\":[{\"@type\":\"ReadAction\",\"target\":[\"https:\/\/reggedeisovrani.com\/index.php\/architettura-organica-biosimbiotica\/\"]}]},{\"@type\":\"BreadcrumbList\",\"@id\":\"https:\/\/reggedeisovrani.com\/index.php\/architettura-organica-biosimbiotica\/#breadcrumb\",\"itemListElement\":[{\"@type\":\"ListItem\",\"position\":1,\"name\":\"Home\",\"item\":\"https:\/\/reggedeisovrani.com\/\"},{\"@type\":\"ListItem\",\"position\":2,\"name\":\"Architettura Organica BioSimbiotica\"}]}]}<\/script>\n<!-- \/ Yoast SEO plugin. -->","yoast_head_json":{"title":"Architettura Organica BioSimbiotica - Regge dei Sovrani","description":"Architettura Organica BioSimbiotica","robots":{"index":"index","follow":"follow","max-snippet":"max-snippet:-1","max-image-preview":"max-image-preview:large","max-video-preview":"max-video-preview:-1"},"canonical":"https:\/\/reggedeisovrani.com\/index.php\/architettura-organica-biosimbiotica\/","og_locale":"it_IT","og_type":"article","og_title":"Architettura Organica BioSimbiotica - Regge dei Sovrani","og_description":"Architettura Organica BioSimbiotica","og_url":"https:\/\/reggedeisovrani.com\/index.php\/architettura-organica-biosimbiotica\/","og_site_name":"Regge dei Sovrani","article_modified_time":"2022-09-11T15:39:52+00:00","og_image":[{"width":2560,"height":1011,"url":"https:\/\/reggedeisovrani.com\/wp-content\/uploads\/2022\/04\/BioA7-scaled.jpg","type":"image\/jpeg"}],"twitter_card":"summary_large_image","twitter_misc":{"Tempo di lettura stimato":"2 minuti"},"schema":{"@context":"https:\/\/schema.org","@graph":[{"@type":"WebSite","@id":"https:\/\/reggedeisovrani.com\/#website","url":"https:\/\/reggedeisovrani.com\/","name":"Regge dei Sovrani","description":"Verso il Nuovo Paradigma","potentialAction":[{"@type":"SearchAction","target":{"@type":"EntryPoint","urlTemplate":"https:\/\/reggedeisovrani.com\/?s={search_term_string}"},"query-input":"required name=search_term_string"}],"inLanguage":"it-IT"},{"@type":"ImageObject","inLanguage":"it-IT","@id":"https:\/\/reggedeisovrani.com\/index.php\/architettura-organica-biosimbiotica\/#primaryimage","url":"https:\/\/reggedeisovrani.com\/wp-content\/uploads\/2022\/04\/BioA7-scaled.jpg","contentUrl":"https:\/\/reggedeisovrani.com\/wp-content\/uploads\/2022\/04\/BioA7-scaled.jpg","width":2560,"height":1011},{"@type":"WebPage","@id":"https:\/\/reggedeisovrani.com\/index.php\/architettura-organica-biosimbiotica\/","url":"https:\/\/reggedeisovrani.com\/index.php\/architettura-organica-biosimbiotica\/","name":"Architettura Organica BioSimbiotica - Regge dei Sovrani","isPartOf":{"@id":"https:\/\/reggedeisovrani.com\/#website"},"primaryImageOfPage":{"@id":"https:\/\/reggedeisovrani.com\/index.php\/architettura-organica-biosimbiotica\/#primaryimage"},"datePublished":"2022-04-22T23:02:03+00:00","dateModified":"2022-09-11T15:39:52+00:00","description":"Architettura Organica BioSimbiotica","breadcrumb":{"@id":"https:\/\/reggedeisovrani.com\/index.php\/architettura-organica-biosimbiotica\/#breadcrumb"},"inLanguage":"it-IT","potentialAction":[{"@type":"ReadAction","target":["https:\/\/reggedeisovrani.com\/index.php\/architettura-organica-biosimbiotica\/"]}]},{"@type":"BreadcrumbList","@id":"https:\/\/reggedeisovrani.com\/index.php\/architettura-organica-biosimbiotica\/#breadcrumb","itemListElement":[{"@type":"ListItem","position":1,"name":"Home","item":"https:\/\/reggedeisovrani.com\/"},{"@type":"ListItem","position":2,"name":"Architettura Organica BioSimbiotica"}]}]}},"_links":{"self":[{"href":"https:\/\/reggedeisovrani.com\/index.php\/wp-json\/wp\/v2\/pages\/12413","targetHints":{"allow":["GET"]}}],"collection":[{"href":"https:\/\/reggedeisovrani.com\/index.php\/wp-json\/wp\/v2\/pages"}],"about":[{"href":"https:\/\/reggedeisovrani.com\/index.php\/wp-json\/wp\/v2\/types\/page"}],"author":[{"embeddable":true,"href":"https:\/\/reggedeisovrani.com\/index.php\/wp-json\/wp\/v2\/users\/1"}],"replies":[{"embeddable":true,"href":"https:\/\/reggedeisovrani.com\/index.php\/wp-json\/wp\/v2\/comments?post=12413"}],"version-history":[{"count":16,"href":"https:\/\/reggedeisovrani.com\/index.php\/wp-json\/wp\/v2\/pages\/12413\/revisions"}],"predecessor-version":[{"id":13357,"href":"https:\/\/reggedeisovrani.com\/index.php\/wp-json\/wp\/v2\/pages\/12413\/revisions\/13357"}],"wp:featuredmedia":[{"embeddable":true,"href":"https:\/\/reggedeisovrani.com\/index.php\/wp-json\/wp\/v2\/media\/12440"}],"wp:attachment":[{"href":"https:\/\/reggedeisovrani.com\/index.php\/wp-json\/wp\/v2\/media?parent=12413"}],"curies":[{"name":"wp","href":"https:\/\/api.w.org\/{rel}","templated":true}]}}